tors of (w - q)/(-3) + 3?
3
Suppose -3*a + 2*a - 5 = 3*z, -a - z = 3. List the prime factors of ((-9)/(-18))/(a/(-88)).
2, 11
Let p be (-130)/(-25) + 1/(-5). Suppose p*h - 192 = h. What are the prime factors of h?
2, 3
Suppose -2*t - 5*w + w = -86, 3*t - 128 = -5*w. List the prime factors of t.
41
Let j be (-7)/(-2) - 2/4. Suppose 7 = 2*o - j. Suppose -3*f + o*y + 0 + 44 = 0, 4*f - 2*y = 40. List the prime factors of f.
2
Let t = -8 - -4. What are the prime factors of 1*t/((-4)/19)?
19
Let w(n) = -n - 5. What are the prime factors of w(-8)?
3
Suppose -254 + 102 = -4*d. What are the prime factors of d?
2, 19
Suppose 0 = -5*w + 6 + 4. Suppose -w = -g - 0. What are the prime factors of g?
2
Let h(s) = -s**2 - s + 28. Let f be h(0). Let y = -17 + f. List the prime factors of y.
11
Let c(s) = 3*s**2 - 5*s - 2 - 2*s**2 + 4. Let v be c(5). Suppose 3*n - 3 = 3*l, 0 = -v*n - 3*n + l + 9. What are the prime factors of n?
2
Suppose 334 = 2*m - 4*u, -4*m + 3*u = -2*u - 677. What are the prime factors of m?
173
Let o = -13 - -328. List the prime factors of o.
3, 5, 7
Let z(x) = 2*x**2 - 4*x - 6. What are the prime factors of z(4)?
2, 5
Let c = 10 - 8. Suppose -2 = -4*q + 4*u + c, 5*q + 5*u = 25. Suppose -8 = 2*h, -4*k + q*h - 56 = -8*k. What are the prime factors of k?
17
Let g = -23 + 28. List the prime factors of g.
5
Let d be -1 + 3/((-3)/(-5)). Suppose d*g - 2*n = -0*g - 18, g + 12 = 2*n. List the prime factors of 8 + g/(2 + -4).
3
Suppose 27*o + 52 = 29*o. List the prime factors of o.
2, 13
Suppose 19 + 18 = d. Let l(n) = -n - 2. Let y be l(-4). Suppose 2*g + 15 = -2*z + d, -y*z = 3*g - 24. What are the prime factors of z?
3
Suppose 28*l = 23*l + 305. List the prime factors of l.
61
What are the prime factors of 1*339/(-9)*-3?
113
Suppose 3 = 3*o, -1 = k - 5*o - 2. Let t = 0 + k. List the prime factors of (-2)/6 - (-50)/t.
2
List the prime factors of (-72)/(-24)*86/3.
2, 43
Let g be (-7)/(-5) - 6/15. Let o = 19 + g. List the prime factors of o.
2, 5
Suppose -s - 114 = -t + 30, 0 = -3*t + 5*s + 430. Suppose -3*f - 5*h = -h - 116, -3*h - t = -5*f. What are the prime factors of f?
2
Suppose 249 = -6*y + 7*y. List the prime factors of y.
3, 83
Let h = 20 + -1. Let d = 58 - h. List the prime factors of d.
3, 13
Let y(u) = -u**3 + 8*u**2 - 2*u + 9. List the prime factors of y(7).
2, 11
Let c(o) = 2*o + 0 - 8 + o - 2*o. Let q be c(6). What are the prime factors of 158/10 + q/(-10)?
2
Let g(p) = -p**2 - 4. Let v(f) = 2*f**2 - f + 9. Let s = 5 + -10. Let a(x) = s*g(x) - 2*v(x). What are the prime factors of a(-3)?
5
Suppose -2*c + 3*v + 2 = 7, 0 = -2*c + v + 1. Let f(b) = 3*b - b**3 + 2 + 4*b**c - 3*b + 6*b. What are the prime factors of f(5)?
7
Let b be 2/(-7) - (-45)/35. Let g be 0 - 1/(b/(-6)). Suppose 2*m = -u - u + g, 0 = -5*m - 2*u + 15. List the prime factors of m.
3
Suppose -2*c + a + 252 = 0, 2*c + 0*a = -5*a + 240. List the prime factors of c.
5
Suppose 4*u - 136 = 2*u - 2*a, a + 310 = 5*u. Let g = u - 39. List the prime factors of g.
2, 3
Suppose -4*m + 13 = z, -3*m + 4 = -2*z - 3*z. Let h(o) = 8*o + 7*o - 7*o. List the prime factors of h(z).
2
Let r(s) = -s**3 + 8*s**2 + 3*s + 10. What are the prime factors of r(8)?
2, 17
Let v be 2*3/(-6)*1. What are the prime factors of 10*(1/(-2))/v?
5
Let l(v) be the first derivative of v**3/3 + 5*v**2/2 + 9*v - 4. What are the prime factors of l(-9)?
3, 5
List the prime factors of (-24)/(-20)*70/3.
2, 7
Let q(j) = j + 6. Let p be q(-6). Suppose -g + 11 = -p*g. List the prime factors of g.
11
Let v(q) = q**2 + 6*q - 1. Let h be v(-7). Let r = 14 - h. List the prime factors of r.
2
Let h(l) = 3*l**2 - l - 23. List the prime factors of h(8).
7, 23
Suppose -11*x - 136 = -13*x. What are the prime factors of x?
2, 17
Suppose 4*w + 438 = 2*j, 0 = 2*j + 4*w + w - 438. What are the prime factors of j?
3, 73
Suppose 12 = -2*m - 4*h, -7 = -4*h - 27. Let w be (-10)/4 + (-2)/m. Let g = 4 - w. What are the prime factors of g?
7
Let k be 12*1 - (7 - 4). List the prime factors of 3 - 6/k*-3.
5
Suppose 0 = -14*o + 12*o + 18. What are the prime factors of o?
3
Let c(r) = r**2 + 0*r**2 - 6 - 2*r**2 - 6*r. Let u be c(-6). List the prime factors of 14 - 3/((-9)/u).
2, 3
Let m(o) = o**3 + 16*o**2 + 22. List the prime factors of m(-16).
2, 11
What are the prime factors of 115 - -1*(4 - 3)?
2, 29
Suppose 3*h - 16 = 2. What are the prime factors of 67/5 - h/15?
13
Let k = -12 - -14. Suppose 37 + 41 = k*z. What are the prime factors of z?
3, 13
Let l = 17 + -16. What are the prime factors of (1/(l/20))/1?
2, 5
Suppose 8*s + 300 = 13*s. Suppose -s = -2*p - p. List the prime factors of p.
2, 5
Suppose -24 = -3*p - 3*t, -4*p + 2 = t - 18. Suppose 4*i = 4 + p. Suppose -3*c + 4 = -s, -7*s - 5*c + 60 = -i*s. List the prime factors of s.
2
Suppose 1 = 2*s + 9. What are the prime factors of 5/((s + 5)/1)?
5
Suppose -5*l = -5*h - 8 - 12, -2*l + 3 = 3*h. Suppose -12 = -p - l*p. Suppose -p*r - 2*r = -30. What are the prime factors of r?
2, 3
Let h = -31 - -66. Let g be 3/(0 + 1/2). List the prime factors of 1/6 + h/g.
2, 3
Suppose -4 = -u - 0*g - 3*g, 4*u = -5*g + 23. List the prime factors of u.
7
Let f(t) = 2*t + 18 + 31 + 12*t**2 - 7*t**2 - 4*t**2. List the prime factors of f(0).
7
Let o(s) = -s**3 + 3*s**2 + s - 1. Let d be o(-4). Let h = -74 + d. What are the prime factors of h?
3, 11
Let j = -6 + -7. Let n = j + 41. What are the prime factors of n?
2, 7
Let f be (38/4)/((-3)/(-6)). Let l = f + -11. Let p(t) = -t + 14. List the prime factors of p(l).
2, 3
Let y(p) = p**2 - 7*p - 8. Let m be y(8). Suppose -w + 7 = -m*w. List the prime factors of w.
7
Suppose 4*d = -3*m - 46, -4*m + d - 56 - 18 = 0. Let p be 7/(((-10)/8)/(-5)). Let t = p + m. List the prime factors of t.
2, 5
Suppose 0 = 4*w - 13 - 11. Suppose 5 + 10 = 5*p, -12 = 5*z + p. Let s = z + w. List the prime factors of s.
3
Let n(y) = 2*y**2 + 9*y + 5. Let m be n(-6). Let p = m - 12. List the prime factors of p.
11
Suppose -192 = -5*n + n. Let k = n + -34. What are the prime factors of k?
2, 7
Let u(r) = r**3 + 7*r**2 + 6*r + 3. Suppose -17 = 2*s - 5*o, -2*s + 4*o = -0*o + 16. Let t be u(s). Suppose 0*q + t = q. What are the prime factors of q?
3
Let v = -85 + 151. List the prime factors of v.
2, 3, 11
Let a be (-2)/(-4)*(-4 + 60). Let b = -12 + a. Suppose 0 = -4*f + 72 + b. List the prime factors of f.
2, 11
Suppose -r + 2 + 24 = 0. Let k = 37 - r. Suppose -5*h + 3*i = k - 101, -3*h + 54 = i. List the prime factors of h.
2, 3
Let c = -16 - -9. Let q = -3 - c. Suppose h + q = 11. List the prime factors of h.
7
Suppose 9*v - 5*v = 188. What are the prime factors of v?
47
Suppose 28 = 2*x + 2*l + 3*l, -x = l - 11. Suppose f + 2 = -3*k - x, f - k = 1. Let j = f - -4. What are the prime factors of j?
2
Let p = -351 - -799. What are the prime factors of p?
2, 7
Suppose 0 = o - 2*o - 3*k + 21, -k + 71 = 3*o. Let i = o - 9. List the prime factors of i.
3, 5
Let w(p) = 3*p**3 - 2*p**2 - p - 2. Let b be w(-2). Let d = b - -45. What are the prime factors of d?
13
Let r(h) = -h**2 - 13*h - 15. Let c be r(-12). Let z(d) = 2*d**2 + 4. List the prime factors of z(c).
2, 11
Let a = -10 - -107. What are the prime factors of a?
97
Suppose 15 = -2*b + u, -4*b + 3*u - 15 = 4*u. Suppose 4*r + 4 = g, -15 = -0*r - 5*r. Let m = b + g. List the prime factors of m.
11
Suppose -35 = -4*g + 61. List the prime factors of g.
2, 3
Suppose 3*o - 2*c + 0*c - 35 = 0, -4*o - c = -32. Suppose -o = -h + 9. List the prime factors of h.
2, 3
Let f(x) = 3*x**2 - x. What are the prime factors of f(4)?
2, 11
Let z(q) = 20*q**2 + q. Let d be z(-1). Suppose -6*w = -3*w - 4*o - d, 0 = 4*w + 3*o - 17. What are the prime factors of w?
5
Suppose 2 = h - 0. What are the prime factors of -1*(2/(-2) - h)?
3
Let q = 222 - 144. Let n = q + -47. List the prime factors of n.
31
Suppose 5*q = 3*q + 58. What are the prime factors of q?
29
List the prime factors of ((-6)/(-9))/(2/57).
19
Suppose -3*s + 3 + 6 = 0. Suppose -25 - 5 = -s*i. List the prime factors of i.
2, 5
Let p(y) = 0*y - y + 5 + 5. Let z be p(8). Suppose 2 = z*u - 16. List the prime factors of u.
3
Suppose 5*j - 2*m + 1 = -m, -3*j - 3 = -3*m. Suppose -5*f - 7 + 37 = j. What are the prime factors of f?
2, 3
Let h(s) be the first derivative of -s**2 - 7*s - 8. Let c be -